4.
2, 3, 7, 59921
What are the prime factors of 238188?
2, 3, 23, 863
List the prime factors of 2493624.
2, 3, 7, 14843
List the prime factors of 6718.
2, 3359
What are the prime factors of 480567?
3, 19, 8431
What are the prime factors of 7918518?
2, 3, 37, 53, 673
What are the prime factors of 498839?
11, 101, 449
What are the prime factors of 931079?
43, 59, 367
List the prime factors of 4673790.
2, 3, 5, 11, 4721
List the prime factors of 310315.
5, 53, 1171
What are the prime factors of 2111816?
2, 7, 43, 877
List the prime factors of 273337.
157, 1741
What are the prime factors of 33259157?
17, 863, 2267
List the prime factors of 651030.
2, 3, 5, 21701
List the prime factors of 257183.
43, 5981
List the prime factors of 1283474.
2, 491, 1307
What are the prime factors of 4613995?
5, 79, 11681
List the prime factors of 1731242.
2, 19, 29, 1571
What are the prime factors of 346504?
2, 43313
What are the prime factors of 656411?
7, 79, 1187
What are the prime factors of 1190089?
23, 59, 877
List the prime factors of 1104064.
2, 13, 1327
List the prime factors of 11974917.
3, 3991639
List the prime factors of 6217359.
3, 17, 121909
What are the prime factors of 159488?
2, 7, 89
What are the prime factors of 90989?
90989
What are the prime factors of 7149748?
2, 1787437
What are the prime factors of 11431876?
2, 149, 19181
What are the prime factors of 33942?
2, 3, 5657
What are the prime factors of 1877276?
2, 17, 19, 1453
What are the prime factors of 156962?
2, 13, 6037
List the prime factors of 1439922.
2, 3, 11, 21817
List the prime factors of 246578.
2, 123289
List the prime factors of 1712878.
2, 37, 79, 293
List the prime factors of 45025.
5, 1801
List the prime factors of 752197.
752197
List the prime factors of 326935.
5, 7, 9341
What are the prime factors of 95844?
2, 3, 7, 163
List the prime factors of 245555.
5, 67, 733
List the prime factors of 1396136.
2, 7, 107, 233
What are the prime factors of 8308954?
2, 17, 244381
What are the prime factors of 1588686?
2, 3, 11, 24071
What are the prime factors of 1765366?
2, 19, 46457
List the prime factors of 328477.
43, 7639
What are the prime factors of 5540815?
5, 7, 23, 6883
What are the prime factors of 211557?
3, 97, 727
What are the prime factors of 20689892?
2, 5172473
What are the prime factors of 285218?
2, 142609
List the prime factors of 287.
7, 41
List the prime factors of 2079401.
2079401
What are the prime factors of 566068?
2, 47, 3011
List the prime factors of 966613.
966613
What are the prime factors of 29287715?
5, 31, 188953
What are the prime factors of 190720?
2, 5, 149
List the prime factors of 1406812.
2, 11, 31973
List the prime factors of 437813.
29, 31, 487
List the prime factors of 2504753.
2504753
List the prime factors of 134125.
5, 29, 37
List the prime factors of 3242284.
2, 810571
List the prime factors of 1545969.
3, 515323
List the prime factors of 355965.
3, 5, 19, 1249
List the prime factors of 857299.
19, 45121
What are the prime factors of 224037?
3, 11, 31, 73
What are the prime factors of 137572?
2, 163, 211
What are the prime factors of 5504175?
3, 5, 17, 1439
What are the prime factors of 74750?
2, 5, 13, 23
What are the prime factors of 5329242?
2, 3, 107, 2767
List the prime factors of 613720.
2, 5, 67, 229
What are the prime factors of 328480?
2, 5, 2053
What are the prime factors of 24706?
2, 11, 1123
What are the prime factors of 839171?
17, 49363
List the prime factors of 15869590.
2, 5, 11, 89, 1621
What are the prime factors of 409024?
2, 7, 11, 83
List the prime factors of 2391544.
2, 298943
List the prime factors of 2440280.
2, 5, 61007
What are the prime factors of 11218708?
2, 17, 29, 5689
What are the prime factors of 98859?
3, 31, 1063
What are the prime factors of 5480700?
2, 3, 5, 18269
What are the prime factors of 1522671?
3, 507557
What are the prime factors of 25602462?
2, 3, 19, 74861
List the prime factors of 4354503.
3, 47, 89, 347
List the prime factors of 2490649.
7, 383, 929
List the prime factors of 11866505.
5, 7, 23, 14741
What are the prime factors of 36071?
7, 5153
List the prime factors of 193641.
3, 7, 9221
List the prime factors of 5866112.
2, 7, 6547
List the prime factors of 10748830.
2, 5, 1074883
What are the prime factors of 323964?
2, 3, 8999
What are the prime factors of 782793?
3, 11, 7907
List the prime factors of 151005.
3, 5, 10067
List the prime factors of 12449.
59, 211
List the prime factors of 13464185.
5, 7, 384691
What are the prime factors of 1059190?
2, 5, 11, 9629
What are the prime factors of 2170315?
5, 7, 59, 1051
What are the prime factors of 195827?
31, 6317
List the prime factors of 753698.
2, 11, 34259
List the prime factors of 182123.
182123
List the prime factors of 359014.
2, 73, 2459
What are the prime factors of 1956972?
2, 3, 17, 53, 181
What are the prime factors of 4475211?
3, 13, 114749
What are the prime factors of 4383191?
4383191
What are the prime factors of 8004672?
2, 3, 13, 1069
What are the prime factors of 7451191?
11, 31, 21851
What are the prime factors of 2963025?
3, 5, 13, 1013
What are the prime factors of 185368?
2, 17, 29, 47
List the prime factors of 2480695.
5, 7, 70877
List the prime factors of 131917.
19, 53, 131
What are the prime factors of 721556?
2, 11, 23, 31
List the prime factors of 9298.
2, 4649
List the prime factors of 8537469.
3, 2845823
What are the prime factors of 1431569?
1431569
List the prime factors of 18834477.
3, 103, 60953
List the prime factors of 32817.
3, 10939
What are the prime factors of 439101?
3, 13, 139
List the prime factors of 4338079.
151, 28729
What are the prime factors of 16933720?
2, 5, 379, 1117
List the prime factors of 136949.
136949
List the prime factors of 270731.
19, 14249
List the prime factors of 3187762.
2, 43, 101, 367
What are the prime factors of 2272191?
3, 19, 39863
What are the prime factors of 13979834?
2, 11, 97, 6551
What are the prime factors of 5538467?
11, 347, 1451
What are the prime factors of 380007?
3, 42223
List the prime factors of 241260.
2, 3, 5, 4021
What are the prime factors of 25418998?
2, 11, 19, 60811
What are the prime factors of 184088?
2, 23011
What are the prime factors of 1413626?
2, 23, 79, 389
What are the prime factors of 484217?
439, 1103
What are the prime factors of 29016918?
2, 3, 7, 167, 197
List the prime factors of 20198179.
2687, 7517
List the prime factors of 2031321.
3, 677107
What are the prime factors of 668516?
2, 37, 4517
What are the prime factors of 6922307?
7, 988901
What are the prime factors of 100052?
2, 25013
What are the prime factors of 640316?
2, 160079
List the prime factors of 124408.
2, 15551
List the prime factors of 113577.
3, 17, 131
List the prime factors of 367658.
2, 183829
What are the prime factors of 6249398?
2, 59, 211, 251
List the prime factors of 1702574.
2, 191, 4457
List the prime factors of 333673.
333673
List the prime factors of 58439.
58439
List the prime factors of 2460533.
41, 60013
List the prime factors of 2132876.
2, 533219
List the prime factors of 723363.
3, 41, 5881
List the prime factors of 933495.
3, 5, 62233
List the prime factors of 163860.
2, 3, 5, 2731
What are the prime factors of 836955?
3, 5, 7, 2657
List the prime factors of 79668.
2, 3, 2213
What are the prime factors of 248813?
248813
What are the prime factors of 12861979?
13, 17, 58199
List the prime factors of 21487849.
809, 26561
What are the prime factors of 7460332?
2, 11, 169553
List the prime factors of 441261.
3, 59, 277
List the prime factors of 207211.
353, 587
What are the prime factors of 64709?
64709
What are the prime factors of 5482805?
5, 1096561
What are the prime factors of 369020?
2, 5, 18451
What are the prime factors of 306740?
2, 5, 7, 313
List the prime factors of 25662.
2, 3, 7, 13, 47
What are the prime factors of 4609414?
2, 17, 135571
What are the prime factors of 14663616?
2, 3, 11, 53, 131
What are the prime factors of 519339?
3, 331, 523
List the prime factors of 5684183.
5684183
What are the prime factors of 171481?
171481
What are the prime factors of 902740?
2, 5, 45137
List the prime factors of 87510.
2, 3, 5, 2917
List the prime factors of 265985.
5, 53197
What are the prime factors of 24628630?
2, 5, 13, 23, 8237
List the